site number?
False
Is 1261549 a composite number?
False
Is 30985 a prime number?
False
Is 1211 composite?
True
Is 3793 prime?
True
Is 4049 composite?
False
Is 542683 prime?
True
Is 150367 a prime number?
False
Is 9413 a composite number?
False
Is 342037 a prime number?
True
Is 76561 prime?
True
Is 71869 composite?
True
Is 9407 prime?
False
Is 85541 prime?
False
Is 3981 a prime number?
False
Is 79087 a prime number?
True
Is 383419 prime?
True
Is 79967 a prime number?
True
Is 11002 a prime number?
False
Is 490687 composite?
True
Is 497 composite?
True
Is 9533 a prime number?
True
Is 194911 a prime number?
True
Is 216859 prime?
True
Is 40459 a composite number?
False
Is 61861 a prime number?
True
Is 10279 composite?
True
Is 1056869 composite?
True
Is 7961 prime?
False
Is 19769 composite?
True
Is 95257 a composite number?
False
Is 170823 a prime number?
False
Is 110459 prime?
True
Is 194206 a composite number?
True
Is 27329 composite?
False
Is 1339831 a prime number?
False
Is 18071 composite?
True
Is 274579 a composite number?
False
Is 1533215 prime?
False
Is 85691 a composite number?
False
Is 1175021 a composite number?
False
Is 58309 a composite number?
False
Is 1184987 prime?
True
Is 853721 composite?
True
Is 54667 a prime number?
True
Is 2627 a composite number?
True
Is 2217 a prime number?
False
Is 1639 a prime number?
False
Is 244945 composite?
True
Is 120191 composite?
True
Is 4789 composite?
False
Is 18979 prime?
True
Is 26249 composite?
False
Is 95311 prime?
True
Is 1568503 a composite number?
False
Is 24821 prime?
True
Is 2321 prime?
False
Is 1907123 prime?
True
Is 553283 a prime number?
False
Is 40927 composite?
False
Is 2213 a composite number?
False
Is 8353 composite?
False
Is 142187 a composite number?
True
Is 18041 a prime number?
True
Is 1389251 composite?
False
Is 191779 a prime number?
False
Is 12799 a composite number?
False
Is 20507 prime?
True
Is 97711 composite?
False
Is 14361 a composite number?
True
Is 15157 composite?
True
Is 1234227 composite?
True
Is 356033 a prime number?
False
Is 29473 a prime number?
True
Is 7831 a composite number?
True
Is 32839 a prime number?
True
Is 8383 prime?
False
Is 275201 composite?
False
Is 465679 composite?
False
Is 646319 composite?
True
Is 554809 a composite number?
True
Is 832805 a composite number?
True
Is 5266 a composite number?
True
Is 1137457 a composite number?
False
Is 183691 a composite number?
False
Is 379 composite?
False
Is 10817 prime?
False
Is 3109 a prime number?
True
Is 170633 a composite number?
False
Is 175187 prime?
False
Is 996431 a prime number?
True
Is 145833 a composite number?
True
Is 1443679 a composite number?
False
Is 91909 a prime number?
True
Is 1255 a prime number?
False
Is 11759 a prime number?
False
Is 7247 composite?
False
Is 870761 composite?
True
Is 146153 composite?
True
Is 8501 a composite number?
False
Is 6261 a composite number?
True
Is 50669 prime?
False
Is 94553 prime?
False
Is 6433 a composite number?
True
Is 324199 composite?
False
Is 1231 prime?
True
Is 3331639 composite?
False
Is 456853 a composite number?
True
Is 36599 a prime number?
True
Is 72247 a prime number?
False
Is 328247 a composite number?
True
Is 526043 a prime number?
False
Is 189851 a prime number?
True
Is 4321 a composite number?
True
Is 16327 prime?
False
Is 29317 a composite number?
True
Is 12247 prime?
False
Is 14077 a prime number?
False
Is 11903 prime?
True
Is 148327 prime?
False
Is 21561 prime?
False
Is 3097 composite?
True
Is 1886611 prime?
True
Is 126647 a composite number?
True
Is 52714 composite?
True
Is 8465 a prime number?
False
Is 71223 composite?
True
Is 38039 a prime number?
True
Is 270029 a composite number?
False
Is 10495 composite?
True
Is 15659 a prime number?
False
Is 84437 composite?
False
Is 45437 prime?
False
Is 4911 a composite number?
True
Is 1184858 a composite number?
True
Is 1733 a composite number?
False
Is 324839 a composite number?
False
Is 400109 composite?
False
Is 236503 a composite number?
False
Is 9923 composite?
False
Is 18514 a composite number?
True
Is 397459 a composite number?
False
Is 233183 a prime number?
True
Is 752197 a composite number?
False
Is 38971 a prime number?
True
Is 8663 a prime number?
True
Is 1693 composite?
False
Is 3137 composite?
False
Is 314617 a composite number?
True
Is 389057 a prime number?
True
Is 49723 composite?
True
Is 2122957 prime?
True
Is 91453 composite?
False
Is 15413 prime?
True
Is 8753 a prime number?
True
Is 7801 prime?
False
Is 1663681 a prime number?
True
Is 13994 prime?
False
Is 4971779 a prime number?
False
Is 3810611 composite?
True
Is 41429 a prime number?
False
Is 112129 prime?
True
Is 463 a composite number?
False
Is 1455737 a composite number?
True
Is 86689 a prime number?
True
Is 103889 a prime number?
True
Is 3379615 a prime number?
False
Is 1041 composite?
True
Is 6389 a composite number?
False
Is 595411 a composite number?
False
Is 49403 a prime number?
False
Is 12131 prime?
False
Is 88919 composite?
False
Is 399851 a prime number?
True
Is 49097 composite?
True
Is 5147 a prime number?
True
Is 310081 a prime number?
True
Is 2161 prime?
True
Is 648029 a prime number?
True
Is 1623619 a prime number?
False
Is 15298 composite?
True
Is 25642 prime?
False
Is 1656407 a composite number?
True
Is 33061 composite?
True
Is 13343 prime?
False
Is 25426 composite?
True
Is 7071 a prime number?
False
Is 3130777 a composite number?
True
Is 451 composite?
True
Is 3511 a composite number?
False
Is 14 prime?
False
Is 119227 composite?
False
Is 192265 a prime number?
False
Is 22 prime?
False
Is 52031 prime?
False
Is 25495 a prime number?
False
Is 66889 prime?
True
Is 46329 prime?
False
Is 280409 prime?
True
Is 547007 composite?
False
Is 237509 composite?
False
Is 116159 a composite number?
False
Is 3493 composite?
True
Is 70639 a composite number?
False
Is 678921 composite?
True
Is 31883 prime?
True
Is 142007 a prime number?
True
Is 15389 prime?
False
Is 903473 prime?
False
Is 153539 prime?
False
Is 266153 composite?
False
Is 194057 prime?
True
Is 332545 prime?
False
Is 103769 prime?
True
Is 6074669 a prime number?
True
Is 626519 prime?
True
Is 13837 a prime number?
False
Is 11089 a composite number?
True
Is 35023 a composite number?
False
Is 165641 prime?
False
Is 3359 composite?
False
Is 20701 composite?
True
Is 6981233 composite?
True
Is 6947 a composite number?
False
Is 14909 prime?
False
Is 54573 a composite number?
True
Is 8659 a prime number?
False
Is 175211 a composite number?
False
Is 2579 a composite number?
False
Is 3907 a composite number?
False
Is 21985 a composite number?
True
Is 20477 prime?
True
Is 334279 prime?
False
Is 399401 a composite number?
False
Is 915149 a prime number?
False
Is 5261 a composite number?
False
Is 1761503 prime?
True
Is 7103 composite?
False
Is 33721 a composite number?
False
Is 1131322 a composite number?
True
Is 1082 prime?
False
Is 39307 a composite number?
True
Is 2723863 composite?
False
Is 91331 a prime number?
True
Is 3053 composite?
True
Is 113327 composite?
False
Is 1255 a composite number?
True
Is 185017 prime?
False
Is 62407 a prime number?
False
Is 141881 prime?
False
Is 113873 prime?
False
Is 24995 prime?
False
Is 1054589 prime?
False
Is 22823 composite?
True
Is 986363 a prime number?
False
Is 17957 composite?
False
Is 78491 a prime number?
False
Is 39111 a prime number?
False
Is 5737 a prime number?
True
Is 176533 a prime number?
False
Is 489257 prime?
True
Is 100811 composite?
False
Is 37033 a composite number?
True
Is 133747 composite?
True
Is 11995 composite?
True
Is 47599 a prime number?
True
Is 28877 prime?
False
Is 6197 a composite number?
False
Is 13367 a composite number?
False
Is 404951 prime?
True
Is 250109 composite?
False
Is 724433 a prime number?
True
Is 94249 a composite number?
True
Is 6487 prime?
False
Is 35729 a prime number?
True
Is 1187547 prime?
False
Is 3117 a prime number?
False
Is 1274401 composite?
False
Is 7997 prime?
False
Is 1914323 a composite number?
False
Is 6067 prime?
True
Is 848629 composite?
False
Is 50027 prime?
False
Is 10843 prime?
False
Is 53651 a prime number?
False
Is 352177 prime?
False
Is 300057 a composite number?
True
Is 1764185 prime?
False
Is 353435 a composite number?
True
Is 90947 composite?
False
Is 446511